 -101?
-11101110111001
In base 10, what is 19269 - 4?
19265
In base 16, what is -1a5d + 20?
-1a3d
In base 2, what is -1001110000110010010011 + 100?
-1001110000110010001111
In base 5, what is 401 - 313000?
-312044
In base 11, what is -21 + 26189?
26168
In base 10, what is 92327 + 5?
92332
In base 11, what is 11 - -30664?
30675
In base 6, what is 21 - 1134055?
-1134034
In base 4, what is 3 - 1103331?
-1103322
In base 15, what is 9624 + -35?
95de
In base 4, what is -21333120 + -10?
-21333130
In base 3, what is 1020220 + -2010?
1011210
In base 5, what is 142102 - -12221?
204323
In base 5, what is -424102 - -3010?
-421042
In base 3, what is 1000211100 - -1001?
1000212101
In base 5, what is -1303 - 11413?
-13221
In base 14, what is -174d80 + -2?
-174d82
In base 5, what is -2 - -10143220?
10143213
In base 2, what is -101100010011001010 - 11?
-101100010011001101
In base 16, what is 648a3 + -4?
6489f
In base 4, what is -11200 - -211102?
133302
In base 9, what is 372 + 5388?
5771
In base 2, what is -1 - 111110000001111101?
-111110000001111110
In base 11, what is -5a19 - 161?
-607a
In base 11, what is -3 - 3747?
-374a
In base 9, what is 234363 - -5?
234368
In base 7, what is 322 - 22543?
-22221
In base 16, what is 1220 + -4?
121c
In base 6, what is -51 - 11534?
-12025
In base 3, what is 21011 + 2020122?
2111210
In base 2, what is 1111111001100110 + 101?
1111111001101011
In base 8, what is 341 + -233?
106
In base 15, what is a0 - -9d6?
a86
In base 2, what is 10101001110101010001 + 100?
10101001110101010101
In base 9, what is -458 + -405?
-864
In base 9, what is -452121 + 25?
-452085
In base 6, what is 33 + -122232?
-122155
In base 5, what is 3220201 - 2?
3220144
In base 7, what is 44641 - -4?
44645
In base 9, what is 25 - -226?
252
In base 7, what is -23 + 3361?
3335
In base 5, what is -2021440 - 1?
-2021441
In base 16, what is -1 - -2b8c?
2b8b
In base 15, what is -4d06 + -3?
-4d09
In base 2, what is 1111000111000110101110 - 1?
1111000111000110101101
In base 8, what is -4 - 2040245?
-2040251
In base 9, what is 512015 + 1?
512016
In base 9, what is -73635 + -6?
-73642
In base 7, what is 543 - 2344?
-1501
In base 5, what is -1142244 - -21?
-1142223
In base 9, what is 305612 - -3?
305615
In base 5, what is -203 + -342111?
-342314
In base 6, what is 41 - -1042414?
1042455
In base 5, what is 4 + -132440012?
-132440003
In base 10, what is 2 - -26192?
26194
In base 14, what is d9 - -46a?
565
In base 5, what is -1043 + 24324?
23231
In base 13, what is 2 - -5745?
5747
In base 13, what is 2c5a82 - 0?
2c5a82
In base 2, what is 1101000101 + -10000?
1100110101
In base 10, what is -1 + -50011?
-50012
In base 6, what is 2114035 + 4?
2114043
In base 12, what is 40a9 + -2?
40a7
In base 13, what is 46 + 337?
380
In base 6, what is -20 + -1554154?
-1554214
In base 11, what is 301267 - -5?
301271
In base 5, what is -204320 + -110?
-204430
In base 2, what is 10 + 11010001000111101?
11010001000111111
In base 4, what is -1111200 - 203?
-1112003
In base 4, what is -10 - 2022022?
-2022032
In base 13, what is -3 + 414b?
4148
In base 7, what is -41 + 551101?
551030
In base 13, what is -33 + -8c9c?
-9002
In base 11, what is 1141 - -341?
1482
In base 9, what is 103385 - 5?
103380
In base 12, what is 14445b - 2?
144459
In base 3, what is -121010211 - -100?
-121010111
In base 13, what is -44 - -16202?
1618b
In base 6, what is -20101 - 20?
-20121
In base 11, what is -28aa1 + 28?
-28a74
In base 9, what is 10 + 640?
650
In base 5, what is 2 + -24221114?
-24221112
In base 16, what is -2 - -2ff09?
2ff07
In base 3, what is 1111 - -202001?
210112
In base 12, what is -158a5 + 7?
-1589a
In base 10, what is -3073 - 10?
-3083
In base 5, what is 24303 + 3?
24311
In base 9, what is 364821 - 2?
364818
In base 8, what is -1 + 37233?
37232
In base 16, what is -1805f6 + 2?
-1805f4
In base 2, what is -1 - 10100000111111110?
-10100000111111111
In base 10, what is -3 + -30962?
-30965
In base 16, what is -10 - -2aa?
29a
In base 10, what is 11159 + 39?
11198
In base 9, what is -7456 - 1278?
-8745
In base 9, what is -77 - 20287?
-20375
In base 2, what is 1000 + 110011101100?
110011110100
In base 7, what is -130 - 5063?
-5223
In base 14, what is -3 - 1ca4?
-1ca7
In base 7, what is 406 - 2341?
-1632
In base 3, what is 1020220011 - 12?
1020212222
In base 16, what is 134 + -31e3?
-30af
In base 7, what is 1613454 - 12?
1613442
In base 13, what is -5 + 22187?
22182
In base 13, what is 25c7 + 12?
2609
In base 14, what is 4202 - 1?
4201
In base 11, what is -88 - 48?
-125
In base 10, what is 47825 + -7?
47818
In base 4, what is -3320132 - -1103?
-3313023
In base 13, what is -3 - 1787b?
-17881
In base 3, what is 221012100102 - -2?
221012100111
In base 13, what is 36581 - -5?
36586
In base 14, what is -ad5 - 52?
-b47
In base 15, what is 50 - -70?
c0
In base 15, what is a23d - -3?
a241
In base 11, what is 5 + 1657?
1661
In base 2, what is 1000 + 100001111100?
100010000100
In base 5, what is -1143044 - -130?
-1142414
In base 8, what is 6 + -257576?
-257570
In base 2, what is 111 - 1000110001010?
-1000110000011
In base 2, what is 110011 - 100110110001?
-100101111110
In base 14, what is -1 + 211d5b?
211d5a
In base 5, what is 212 - -10321?
11033
In base 15, what is 4d + 641?
68e
In base 15, what is -1 - 122e?
-1230
In base 16, what is 1 + -a0dc0?
-a0dbf
In base 15, what is 14 - 507?
-4e3
In base 15, what is bc4 - -55?
c29
In base 4, what is 2020303211 - 3?
2020303202
In base 10, what is 4 + 18508?
18512
In base 12, what is -3 + 80803?
80800
In base 14, what is -b0 + 518?
448
In base 4, what is 200323000 + -2?
200322332
In base 14, what is -1 + 12ac5?
12ac4
In base 2, what is -111110101 + 1110100?
-110000001
In base 12, what is -3bb - -52?
-369
In base 16, what is 471b + 0?
471b
In base 13, what is -2 + -87a85?
-87a87
In base 4, what is 1 + -12233022?
-12233021
In base 9, what is 306614 - -20?
306634
In base 4, what is 121123 - 100?
121023
In base 2, what is 111110101 + 10010111?
1010001100
In base 6, what is -20334 + -215?
-20553
In base 14, what is 21 + 8a34?
8a55
In base 3, what is -102211020001 - 2?
-102211020010
In base 3, what is 2012102 - 10?
2012022
In base 3, what is -10 + -100110020221?
-100110021001
In base 16, what is bd3 - 7?
bcc
In base 9, what is -47013 - 2?
-47015
In base 9, what is 4 + 25587?
25602
In base 12, what is -534 + -1ba?
-732
In base 8, what is 24221 - 73?
24126
In base 3, what is 1212 - 200201110?
-200122121
In base 8, what is 4 + 3335?
3341
In base 13, what is -16a + 207?
6a
In base 8, what is -1 + -337640?
-337641
In base 3, what is -120021122010 + -10?
-120021122020
In base 4, what is -3211110 - 1021?
-3212131
In base 7, what is 15 - -12302?
12320
In base 16, what is -138 + -6c?
-1a4
In base 13, what is 2 + -3b21?
-3b1c
In base 5, what is -1121202 + 1?
-1121201
In base 14, what is 36 + -36a?
-334
In base 9, what is 5 - 22520?
-22514
In base 12, what is 356a8 + 7?
356b3
In base 8, what is 0 - 343227?
-343227
In base 5, what is 3024111 + -10?
3024101
In base 16, what is 6 + -835e?
-8358
In base 8, what is -206246 + 5?
-206241
In base 16, what is 3 - -29dc?
29df
In base 6, what is -31353 - 1305?
-33102
In base 15, what is 3c + 849?
886
In base 4, what is 31013 + -12031?
12322
In base 9, what is 172535 - -1?
172536
In base 2, what is 10101011011101 - 1?
10101011011100
In base 7, what is -2 + -22251?
-22253
In base 16, what is 343f9 - 0?
343f9
In base 8, what is -6 + 610037?
610031
In base 16, what is 232 + 50?
282
In base 14, what is -37a + 258?
-122
In base 7, what is -400114 - 5?
-400122
In base 14, what is -139 - 3c4?
-51d
In base 9, what is -5 - -533640?
533634
In base 3, what is -20 + -1112021?
-1112111
In base 9, what is -157815 + 1?
-157814
In base 16, what is -204aad - 4?
-204ab1
In base 11, what is -4 + 23193?
2318a
In base 11, what is 8 + 672a?
6737
In base 15, what is -831a - 17?
-8332
In base 8, what is 165362 - 0?
165362
In base 7, what is 21 - 3654?
-3633
In base 12, what is -80b + -36?
-845
In base 12, what is -93 + 74?
-1b
In base 12, what is -3 + a3264?
a3261
In base 16, what is -2952 + 1?
-2951
In base 16, what is -78c5 - 0?
-78c5
In base 4, what is -11 - 11023110?
-11023121
In base 12, what is 44 + -1505?
-1481
In base 3, what is 112 - -2?
121
In base 10, what is -110 - -243